{"id":2,"date":"2017-06-22T13:33:57","date_gmt":"2017-06-22T11:33:57","guid":{"rendered":"http:\/\/www.hergegenootschap.nl\/wp2\/?page_id=2"},"modified":"2026-02-20T22:24:19","modified_gmt":"2026-02-20T21:24:19","slug":"home","status":"publish","type":"page","link":"https:\/\/hergegenootschap.nl\/wp2\/","title":{"rendered":"Welkom Kuifje-liefhebbers en Herg\u00e9-bewonderaars!"},"content":{"rendered":"\n<p class=\"has-text-align-center has-huge-font-size\"><strong><em>* * * * * * * * * * <\/em><\/strong><\/p>\n\n\n\n<div class=\"wp-block-columns is-layout-flex wp-container-core-columns-is-layout-9d6595d7 wp-block-columns-is-layout-flex\">\n<div class=\"wp-block-column is-layout-flow wp-block-column-is-layout-flow\"><div class=\"wp-block-image\">\n<figure class=\"aligncenter size-full is-resized\"><img fetchpriority=\"high\" decoding=\"async\" width=\"360\" height=\"756\" src=\"https:\/\/hergegenootschap.nl\/wp2\/wp-content\/uploads\/2026\/02\/Voorkant-folder-verkleint-360-x-756.jpg\" alt=\"\" class=\"wp-image-13121\" style=\"width:316px;height:auto\" srcset=\"https:\/\/hergegenootschap.nl\/wp2\/wp-content\/uploads\/2026\/02\/Voorkant-folder-verkleint-360-x-756.jpg 360w, https:\/\/hergegenootschap.nl\/wp2\/wp-content\/uploads\/2026\/02\/Voorkant-folder-verkleint-360-x-756-143x300.jpg 143w\" sizes=\"(max-width: 360px) 100vw, 360px\" \/><\/figure>\n<\/div><\/div>\n\n\n\n<div class=\"wp-block-column is-layout-flow wp-block-column-is-layout-flow\">\n<p class=\"has-text-align-left\"><strong><em>Bent u ge\u00efnteresseerd in de wereld van Kuifje en die van zijn schepper Herg\u00e9? Meldt u dan aan bij het Herg\u00e9 Genootschap!<\/em><\/strong><\/p>\n\n\n\n<p class=\"has-text-align-left\">Wij zijn een vereniging van fans en bewonderaars van het werk van Herg\u00e9. De vereniging is ruim 25 jaar geleden opgericht en omvat inmiddels zo\u2019n 500 leden. Met elkaar wisselen wij kennis uit over de verhalen en de figuren van Herg\u00e9. Het Genootschap is een onafhankelijk opererende vereniging, die echter wel contacten onderhoudt met de organisatie die de artistieke erfenis van Herg\u00e9 beheert. Hieronder leest u wat het Herg\u00e9 Genootschap zoal doet.<\/p>\n\n\n\n<p class=\"has-text-align-left\"><strong><em>Duizend Bommen!<\/em><\/strong><\/p>\n\n\n\n<figure class=\"wp-block-image size-full\"><img decoding=\"async\" width=\"500\" height=\"207\" src=\"https:\/\/hergegenootschap.nl\/wp2\/wp-content\/uploads\/2026\/02\/Uitsnede-DBs.jpg\" alt=\"\" class=\"wp-image-13129\" srcset=\"https:\/\/hergegenootschap.nl\/wp2\/wp-content\/uploads\/2026\/02\/Uitsnede-DBs.jpg 500w, https:\/\/hergegenootschap.nl\/wp2\/wp-content\/uploads\/2026\/02\/Uitsnede-DBs-300x124.jpg 300w\" sizes=\"(max-width: 500px) 100vw, 500px\" \/><\/figure>\n\n\n\n<p class=\"has-text-align-left\">Het Herg\u00e9 Genootschap geeft twee keer per jaar een prachtig tijdschrift uit, <em>Duizend Bommen!<\/em> genaamd. Een magazine opA4 formaat, uitgevoerd in full colour, boordevol artikelen over Herg\u00e9, Kuifje en de andere creaties van Herg\u00e9. Achtergrondinformatie, wetenswaardigheden uit de wereld van Herg\u00e9, recensies van verschenen boeken, enzovoort. Als lid krijgt u dit fraai vormgegeven tijdschrift in juni en december thuisgestuurd. <em>Duizend Bommen!<\/em> verschijnt in een beperkte oplage en is bestemd voor leden.<\/p>\n<\/div>\n<\/div>\n\n\n\n<div class=\"wp-block-columns is-layout-flex wp-container-core-columns-is-layout-9d6595d7 wp-block-columns-is-layout-flex\">\n<div class=\"wp-block-column is-layout-flow wp-block-column-is-layout-flow\" style=\"flex-basis:50%\">\n<p><em><strong>Uitstapjes voor leden<\/strong><\/em><\/p>\n\n\n\n<p>Het Herg\u00e9 Genootschap organiseert voor zijn leden ook activiteiten. Zo zijn er de laatste paar jaar diverse trips georganiseerd: fietstochten en wandelingen in het Brussel van Herg\u00e9, een bezoek aan de striptentoonstelling en de expositie over Kwik en Flupke beide in Brussel, aan het Herg\u00e9 Museum in Louvain-La-Neuve, aan kasteel Cheverny in Frankrijk, dat model heeft gestaan voor kasteel Molensloot. Ook hebben we de tentoonstelling van de Kuifje-auto\u2019s in Mulhouse bezocht en zijn we in Zwitserland opzoek gegaan naar de voetsporen van Kuifje en Haddock, gebaseerd op <em>De zaak Zonnebloem<\/em>! Bij voldoende belangstelling organiseren wij dergelijke uitstapjes. Het is erg leuk om met gelijkgestemden op stap te zijn<\/p>\n\n\n\n<p>.<\/p>\n\n\n<div class=\"wp-block-image\">\n<figure class=\"aligncenter size-full\"><img decoding=\"async\" width=\"455\" height=\"842\" src=\"https:\/\/hergegenootschap.nl\/wp2\/wp-content\/uploads\/2026\/02\/Uitstapjes-voorbeeld.jpg\" alt=\"\" class=\"wp-image-13126\" srcset=\"https:\/\/hergegenootschap.nl\/wp2\/wp-content\/uploads\/2026\/02\/Uitstapjes-voorbeeld.jpg 455w, https:\/\/hergegenootschap.nl\/wp2\/wp-content\/uploads\/2026\/02\/Uitstapjes-voorbeeld-162x300.jpg 162w\" sizes=\"(max-width: 455px) 100vw, 455px\" \/><\/figure>\n<\/div>\n\n\n<p><strong><em>Stripbeurzen<\/em><\/strong><\/p>\n\n\n\n<p>Tegenwoordig staan wij ook weer regelmatig op stripbeurzen op diverse plaatsen in het land, we denken aan Deventer, Gouda, Leiden en Vlaanderen. Het is altijd gezellig om daar leden te treffen en nieuwe leden te werven.<\/p>\n\n\n<div class=\"wp-block-image\">\n<figure class=\"aligncenter size-large\"><img loading=\"lazy\" decoding=\"async\" width=\"1024\" height=\"564\" src=\"https:\/\/hergegenootschap.nl\/wp2\/wp-content\/uploads\/2026\/02\/img765-1024x564.jpg\" alt=\"\" class=\"wp-image-13125\" srcset=\"https:\/\/hergegenootschap.nl\/wp2\/wp-content\/uploads\/2026\/02\/img765-1024x564.jpg 1024w, https:\/\/hergegenootschap.nl\/wp2\/wp-content\/uploads\/2026\/02\/img765-300x165.jpg 300w, https:\/\/hergegenootschap.nl\/wp2\/wp-content\/uploads\/2026\/02\/img765-768x423.jpg 768w, https:\/\/hergegenootschap.nl\/wp2\/wp-content\/uploads\/2026\/02\/img765-585x322.jpg 585w, https:\/\/hergegenootschap.nl\/wp2\/wp-content\/uploads\/2026\/02\/img765.jpg 1080w\" sizes=\"(max-width: 1024px) 100vw, 1024px\" \/><\/figure>\n<\/div><\/div>\n\n\n\n<div class=\"wp-block-column is-layout-flow wp-block-column-is-layout-flow\" style=\"flex-basis:50%\">\n<p><strong><em>Website en nieuwsbrief<\/em><\/strong><\/p>\n\n\n\n<p>Op deze website vindt u allerlei wetenswaardigheden, verslagen met foto\u2019s van de activiteiten van het Genootschap, nieuws over bijvoorbeeld uitjes georganiseerd door het HG en stripbeurzen waar wij vertegenwoordigd zijn.<\/p>\n\n\n<div class=\"wp-block-image\">\n<figure class=\"aligncenter size-full\"><img loading=\"lazy\" decoding=\"async\" width=\"972\" height=\"172\" src=\"https:\/\/hergegenootschap.nl\/wp2\/wp-content\/uploads\/2026\/02\/img300.jpg\" alt=\"\" class=\"wp-image-13122\" srcset=\"https:\/\/hergegenootschap.nl\/wp2\/wp-content\/uploads\/2026\/02\/img300.jpg 972w, https:\/\/hergegenootschap.nl\/wp2\/wp-content\/uploads\/2026\/02\/img300-300x53.jpg 300w, https:\/\/hergegenootschap.nl\/wp2\/wp-content\/uploads\/2026\/02\/img300-768x136.jpg 768w, https:\/\/hergegenootschap.nl\/wp2\/wp-content\/uploads\/2026\/02\/img300-585x104.jpg 585w\" sizes=\"(max-width: 972px) 100vw, 972px\" \/><\/figure>\n<\/div>\n\n\n<p>Verder krijgt u via de e-mail een nieuwsbrief als er praktische informatie is over ledendagen of andere activiteiten. Ook kunt u ons volgen via social media (Facebook en Instagram).<\/p>\n\n\n\n<p><em><strong>Ledendag en ALV<\/strong><\/em><\/p>\n\n\n<div class=\"wp-block-image\">\n<figure class=\"aligncenter size-full\"><img loading=\"lazy\" decoding=\"async\" width=\"916\" height=\"213\" src=\"https:\/\/hergegenootschap.nl\/wp2\/wp-content\/uploads\/2026\/02\/img306.jpg\" alt=\"\" class=\"wp-image-13123\" srcset=\"https:\/\/hergegenootschap.nl\/wp2\/wp-content\/uploads\/2026\/02\/img306.jpg 916w, https:\/\/hergegenootschap.nl\/wp2\/wp-content\/uploads\/2026\/02\/img306-300x70.jpg 300w, https:\/\/hergegenootschap.nl\/wp2\/wp-content\/uploads\/2026\/02\/img306-768x179.jpg 768w, https:\/\/hergegenootschap.nl\/wp2\/wp-content\/uploads\/2026\/02\/img306-585x136.jpg 585w\" sizes=\"(max-width: 916px) 100vw, 916px\" \/><\/figure>\n<\/div>\n\n\n<p>Naast het verschijnen van deze publicaties organiseert het Herg\u00e9 Genootschap eenmaal per jaar een ledendag, die op een bepaalde locatie wordt gehouden. Behalve de Algemene Ledenvergadering worden er lezingen gehouden en zijn er presentaties, verkopen striphandelaren hun mooiste Kuifjespullen en is er een quiz. Ook kan door de aanwezige leden tegen vergoeding van de kostprijs een speciale, inmiddels legendarische gadget worden gekocht.<\/p>\n\n\n<div class=\"wp-block-image\">\n<figure class=\"aligncenter size-full\"><img loading=\"lazy\" decoding=\"async\" width=\"512\" height=\"405\" src=\"https:\/\/hergegenootschap.nl\/wp2\/wp-content\/uploads\/2026\/02\/img314.jpg\" alt=\"\" class=\"wp-image-13127\" srcset=\"https:\/\/hergegenootschap.nl\/wp2\/wp-content\/uploads\/2026\/02\/img314.jpg 512w, https:\/\/hergegenootschap.nl\/wp2\/wp-content\/uploads\/2026\/02\/img314-300x237.jpg 300w\" sizes=\"(max-width: 512px) 100vw, 512px\" \/><\/figure>\n<\/div>\n\n\n<p>Natuurlijk is de ledendag bovenal een sociaal gebeuren, waarbij Kuifjefans elkaar ontmoeten en ervaringen kunnen uitwisselen.<\/p>\n\n\n\n<p><strong><em>Zo wordt u lid<\/em><\/strong><\/p>\n\n\n\n<p>Op deze website kunt u zich online aanmelden als lid. Het lidmaatschap bedraagt 46,00 euro per jaar <sup>(*)<\/sup>. Voor dat bedrag bent u welkom op de ledendagen, kunt u meedoen aan de activiteiten, ontvangt u automatisch de nieuwsbrief en de Duizend Bommen!. Wordt u later in het jaar lid, dan krijgt u ook de eerder verschenen DB! van het jaar alsnog toegezonden.<br><br><sup>(*)<\/sup> Op basis van automatische incasso.<\/p>\n\n\n<div class=\"wp-block-image\">\n<figure class=\"aligncenter size-full\"><img loading=\"lazy\" decoding=\"async\" width=\"386\" height=\"274\" src=\"https:\/\/hergegenootschap.nl\/wp2\/wp-content\/uploads\/2025\/01\/Ledenkaart_voorbeeld-removebg-preview-1.png\" alt=\"\" class=\"wp-image-11780\" srcset=\"https:\/\/hergegenootschap.nl\/wp2\/wp-content\/uploads\/2025\/01\/Ledenkaart_voorbeeld-removebg-preview-1.png 386w, https:\/\/hergegenootschap.nl\/wp2\/wp-content\/uploads\/2025\/01\/Ledenkaart_voorbeeld-removebg-preview-1-300x213.png 300w\" sizes=\"(max-width: 386px) 100vw, 386px\" \/><\/figure>\n<\/div>\n\n\n<p class=\"has-text-align-center\">Via <a href=\"https:\/\/hergegenootschap.nl\/wp2\/inschrijfformulier\/\" data-type=\"link\" data-id=\"https:\/\/hergegenootschap.nl\/wp2\/inschrijfformulier\/\" target=\"_blank\" rel=\"noreferrer noopener\">deze link<\/a> komt u direct bij het inschrijfformulier.<\/p>\n<\/div>\n<\/div>\n","protected":false},"excerpt":{"rendered":"<p>* * * * * * * * * * Bent u ge\u00efnteresseerd in de wereld van Kuifje en die van zijn schepper Herg\u00e9? Meldt u dan aan bij het&hellip;<\/p>\n","protected":false},"author":1,"featured_media":0,"parent":0,"menu_order":0,"comment_status":"closed","ping_status":"open","template":"page-sidebar.php","meta":{"_lmt_disableupdate":"","_lmt_disable":"","footnotes":""},"class_list":["post-2","page","type-page","status-publish","hentry"],"_links":{"self":[{"href":"https:\/\/hergegenootschap.nl\/wp2\/wp-json\/wp\/v2\/pages\/2","targetHints":{"allow":["GET"]}}],"collection":[{"href":"https:\/\/hergegenootschap.nl\/wp2\/wp-json\/wp\/v2\/pages"}],"about":[{"href":"https:\/\/hergegenootschap.nl\/wp2\/wp-json\/wp\/v2\/types\/page"}],"author":[{"embeddable":true,"href":"https:\/\/hergegenootschap.nl\/wp2\/wp-json\/wp\/v2\/users\/1"}],"replies":[{"embeddable":true,"href":"https:\/\/hergegenootschap.nl\/wp2\/wp-json\/wp\/v2\/comments?post=2"}],"version-history":[{"count":106,"href":"https:\/\/hergegenootschap.nl\/wp2\/wp-json\/wp\/v2\/pages\/2\/revisions"}],"predecessor-version":[{"id":13131,"href":"https:\/\/hergegenootschap.nl\/wp2\/wp-json\/wp\/v2\/pages\/2\/revisions\/13131"}],"wp:attachment":[{"href":"https:\/\/hergegenootschap.nl\/wp2\/wp-json\/wp\/v2\/media?parent=2"}],"curies":[{"name":"wp","href":"https:\/\/api.w.org\/{rel}","templated":true}]}}