{"id":77,"date":"2017-06-28T18:34:44","date_gmt":"2017-06-28T16:34:44","guid":{"rendered":"http:\/\/www.hergegenootschap.nl\/wp2\/?page_id=77"},"modified":"2018-07-22T18:12:20","modified_gmt":"2018-07-22T16:12:20","slug":"onze-vereniging","status":"publish","type":"page","link":"https:\/\/hergegenootschap.nl\/wp2\/onze-vereniging\/","title":{"rendered":"Onze vereniging"},"content":{"rendered":"<p>Het Herg\u00e9 Genootschap is d\u00e9 vereniging voor alle fans van het werk van Herg\u00e9, zoals Kuifje.<\/p>\n<p>Wil je meer weten over de doelstellingen van het Herg\u00e9 Genootschap: <a href=\"https:\/\/hergegenootschap.nl\/wp2\/doelstellingen\/\">klik hier<\/a>.<\/p>\n<p>We geven een aantal keer per jaar een clubblad (<a href=\"https:\/\/hergegenootschap.nl\/wp2\/onze-vereniging\/onze-publicaties\/duizend-bommen\/\">Duizend Bommen<\/a>) en een nieuwsbrief (<a href=\"https:\/\/hergegenootschap.nl\/wp2\/onze-vereniging\/onze-publicaties\/sapristi\/\">Sapristi<\/a>) uit. En nu en dan diepen we een onderwerp wat dieper uit in speciale boekjes (<a href=\"https:\/\/hergegenootschap.nl\/wp2\/onze-vereniging\/onze-publicaties\/sapperloot\/\">Sapperloot<\/a>).<\/p>\n<p>Wil je weten wie er in het bestuur zitten, of ben je op zoek naar redactieleden van onze bladen of heb je bankrekeningnummers nodig? Klik dan <a href=\"https:\/\/hergegenootschap.nl\/wp2\/bestuur-gegevens\/\">hier<\/a>.<\/p>\n<p>Wil je ons een bericht of een vraag sturen? Klik dan <a href=\"https:\/\/hergegenootschap.nl\/wp2\/contactformulier\/\">hier<\/a>.<\/p>\n<p>&nbsp;<\/p>\n<p>&nbsp;<\/p>\n","protected":false},"excerpt":{"rendered":"<p>Het Herg\u00e9 Genootschap is d\u00e9 vereniging voor alle fans van het werk van Herg\u00e9, zoals Kuifje. Wil je meer weten over de doelstellingen van het Herg\u00e9 Genootschap: klik hier. We&hellip;<\/p>\n","protected":false},"author":1,"featured_media":0,"parent":0,"menu_order":0,"comment_status":"closed","ping_status":"closed","template":"","meta":{"_lmt_disableupdate":"","_lmt_disable":"","footnotes":""},"class_list":["post-77","page","type-page","status-publish","hentry"],"_links":{"self":[{"href":"https:\/\/hergegenootschap.nl\/wp2\/wp-json\/wp\/v2\/pages\/77","targetHints":{"allow":["GET"]}}],"collection":[{"href":"https:\/\/hergegenootschap.nl\/wp2\/wp-json\/wp\/v2\/pages"}],"about":[{"href":"https:\/\/hergegenootschap.nl\/wp2\/wp-json\/wp\/v2\/types\/page"}],"author":[{"embeddable":true,"href":"https:\/\/hergegenootschap.nl\/wp2\/wp-json\/wp\/v2\/users\/1"}],"replies":[{"embeddable":true,"href":"https:\/\/hergegenootschap.nl\/wp2\/wp-json\/wp\/v2\/comments?post=77"}],"version-history":[{"count":6,"href":"https:\/\/hergegenootschap.nl\/wp2\/wp-json\/wp\/v2\/pages\/77\/revisions"}],"predecessor-version":[{"id":1756,"href":"https:\/\/hergegenootschap.nl\/wp2\/wp-json\/wp\/v2\/pages\/77\/revisions\/1756"}],"wp:attachment":[{"href":"https:\/\/hergegenootschap.nl\/wp2\/wp-json\/wp\/v2\/media?parent=77"}],"curies":[{"name":"wp","href":"https:\/\/api.w.org\/{rel}","templated":true}]}}